e the third derivative of t**4/12 - 5*t**3/3 - 2*t**2. Let m be 15/6*4/2. Let g be y(m). Let z(h) = -h + 1. Give z(g).
1
Let g(r) = 3*r + 5. Suppose 2*q - 18 - 6 = -4*b, -8 = -q - b. Let i(n) = -q + 3*n + 9*n - 2*n**2 + n**2. Let x be i(12). Give g(x).
-7
Let n(y) = -y**2 + 2*y - 8. Let b be n(6). Let t = b - -37. Let l(a) be the third derivative of a**4/24 - a**3/3 - a**2. Determine l(t).
3
Let m be 5 + -5 + 0 - 1. Let o(d) be the first derivative of d**5/10 - d**3/3 - d**2/2 - d + 2. Let b(u) be the first derivative of o(u). Give b(m).
-1
Let k(b) be the third derivative of b**6/120 - b**5/15 + b**4/24 - b**3/3 + 135*b**2 - 2*b. Let m be (-2)/1 + 20/5. Give k(m).
-8
Let y(u) = 3*u**2 + 27*u - 4. Let i(p) = 7*p**2 + 67*p - 8. Let m(s) = 2*i(s) - 5*y(s). Suppose 4*z = 5*b - 11, 4*b = -4*z + 16 - 0. Give m(b).
-8
Let u(a) = a**3 + 7*a**2 - 19*a. Let f be (189/(-18) + 12)*-6. Give u(f).
9
Let u(j) = -4 - 6*j - 2*j - j - 16*j**2 + 0. Let t(o) = -4*o**2 - 2*o - 1. Let y(b) = -9*t(b) + 2*u(b). Calculate y(1).
5
Suppose -i - 5 = -2*i. Let b(q) = -8048*q - 7*q**2 - 3 + 6*q**2 + 8055*q. Calculate b(i).
7
Suppose -12*m = -16*m - 76. Let j(p) = p**2 + 18*p - 26. Let b be j(m). Let l(a) = a**2 + 7*a - 9. What is l(b)?
-9
Suppose x = o + 8, -38*x + 16 = -33*x + o. Let v(i) = 4*i - 21. Determine v(x).
-5
Let o(j) = j**2 - 7*j - 2. Let a be 6/(-8) + -69*(-1)/12. Let q be ((-120)/a)/6 + 9. Give o(q).
-12
Let p(z) = -212*z + 0 + 1 + 215*z. What is p(-4)?
-11
Let t(n) be the third derivative of -n**5/60 + 5*n**4/24 - n**3/3 - 2*n**2. Let y be 2/(-8) + (-12)/16. Let c be y*-1*(5 + -2). Calculate t(c).
4
Suppose 2*r = 3*r - 2. Let c(g) be the second derivative of 0 + 3/2*g**2 - 1/2*g**3 + 11*g. Calculate c(r).
-3
Let i(r) = 4*r + 18 - 8 - 10 - 1. Determine i(2).
7
Let f = 25 + -27. Let s(d) = 3*d**2 - 3. Give s(f).
9
Let q(g) be the third derivative of 17*g**2 - 1/120*g**6 + 0 + 0*g + 1/10*g**5 + 5/6*g**3 - 7/24*g**4. Give q(4).
9
Let g(k) = -k**3 - 7*k**2 - k - 5. Let j be g(-7). Let i = -33 - -39. Let o(f) = -i*f**j - 1 - 10 + 3 - f**3. What is o(-6)?
-8
Let h(r) = r - 4204 + 5*r + 4207 + r**2. Determine h(-7).
10
Let b(a) = a**3 + 6*a**2 - 7*a. Suppose 2*c + 26 = 4*z, 2*c = 5*z - 0 - 29. Determine b(c).
0
Let t(j) = 74*j. Suppose -107*u - 46 = -153*u. Determine t(u).
74
Let f(i) = 5 - 10 - 3*i - 2. Let z = 8 + -21. Let p be (23 + z)*(-2)/4. Give f(p).
8
Let p(v) be the first derivative of -v**2/2 + 26*v + 85. Determine p(0).
26
Let f be 8/(-2) - 6/(-1). Let r(q) be the third derivative of 0*q - 1/24*q**4 + 0 - 9*q**f + 0*q**3. Give r(-1).
1
Let q = 57 + -61. Let o be 2/4 + -4 + 10/q. Let h(z) be the second derivative of -z**5/20 - 7*z**4/12 - z**3 + 2*z**2 + 2*z. Determine h(o).
4
Let w(u) = -4*u**3 + 24*u**2 + u - 26. Let b(h) = 7*h**3 - 44*h**2 - h + 51. Let z(k) = -5*b(k) - 9*w(k). Give z(-4).
-5
Let h(j) = -j**3 + 6*j**2 - j + 5. Let s(v) = -v**3 - 1. Let a(q) = 5*q**3 + 7*q + 6. Let b(y) = -a(y) - 6*s(y). Let l be b(3). What is h(l)?
-1
Let h be (-3 - -4)/((-2)/(-262)). Let v = -138 + h. Let q(y) = y**3 + 6*y**2 - 8*y - 6. Give q(v).
1
Let d be (2/(-3))/((-4)/42). Let h(t) = -2*t**2 + 21*t - 19. Let k(g) = -g**2 + 10*g - 8. Let v(u) = -4*h(u) + 9*k(u). What is v(d)?
-3
Let t be (-34)/(-5) + (-30)/(-25). Let i(d) = -d**2 + 8*d + 1. Give i(t).
1
Let v(x) be the second derivative of -x**5/20 + 25*x**4/12 - 11*x**3/3 - 26*x**2 - 3*x - 13. Determine v(24).
-4
Suppose -u + 8 = 2*a - 5*u, 5*a + 5*u = -10. Suppose 0 = -a*v - 3*v. Let b(z) = -z - 3. Give b(v).
-3
Suppose 8*a = 9*a - 4. Suppose -3*t - a = i, -4 = i - 2*t - 10. Let m(k) = -k**3 + 4*k**2 - 2. Calculate m(i).
6
Let a(t) = 7*t - 28. Let r be a(3). Let l(j) = j**2 + 7*j + 6. Calculate l(r).
6
Let q(z) be the second derivative of 0*z**2 - 7/6*z**3 + 0 + z. Let l be (-4)/(-48)*3 - 40/32. Determine q(l).
7
Let j(b) = -4*b**2 + b. Suppose 44*u = 46*u + 2. Let h(p) = p**2 - p. Let n(s) = u*j(s) - 5*h(s). Calculate n(-3).
-21
Let u(l) = -2*l - 3. Let w(g) = 18*g - 64. Let f be w(4). Determine u(f).
-19
Let t(h) = 7*h - 3. Suppose k + 3*j = 4*j + 1, j - 7 = 5*k. Let w(x) = 23*x - 8. Let f(m) = k*w(m) + 7*t(m). What is f(-4)?
-17
Let s(n) = -n - 6. Let o be s(-5). Let f be (o - -1)/((-10)/5). Suppose f = -2*t + 7 + 7. Let u(h) = -h**3 + 7*h**2 + h - 7. What is u(t)?
0
Let y(k) = k**3 + 8*k**2 + 14*k + 12. Let r be y(-6). Let m(o) = o**2 - o - 8. Give m(r).
-8
Let i(l) = l**3 + 13*l**2 + 12*l + 1. Let a be i(-12). Let x(r) = r + a - 27*r**2 + 18*r**2 + 0. Determine x(-1).
-9
Let i(l) = -4*l + 3. Let k be i(2). Let q(t) = 4*t**3 + 4*t**2 - 3*t - 3. Let z(r) = -11*r**3 - 12*r**2 + 10*r + 9. Let n(j) = -8*q(j) - 3*z(j). Determine n(k).
2
Let f(k) = k**2 - 13*k + 14. Suppose -12*u + 199 = 79. Determine f(u).
-16
Let k(w) = -w**2 - w. Let u(d) be the first derivative of 7*d**2/2 + 31*d - 15. Let z be u(-4). Give k(z).
-12
Suppose 0 = 4*k - 5*s - 25 + 3, -3*s = 4*k - 6. Let c(x) = -6 - 5*x - x**2 - k*x + 0 + x. Let f(o) = o**2 + 7*o - 6. Let g be f(-7). Determine c(g).
0
Let n(y) be the third derivative of -y**6/60 - y**5/20 - y**4/12 + y**3/6 + 67*y**2 - 1. Determine n(-2).
9
Let k(x) = -x**3 + 2*x**2 + 4*x - 3. Let f be 1/((-142)/48 + 3). Suppose 16*z = 8*z + f. Give k(z).
0
Suppose -4*b - 2*l + 2 = 0, 5*b - 3*b - 26 = 4*l. Let m be -2 + 1 - 15/b. Let y(f) = f**3 + 7*f**2 + 7*f + 3. Give y(m).
-3
Let a = -18 - -13. Let b(j) = -7*j - 1805*j**2 - 1800*j**2 + j + 3604*j**2. Calculate b(a).
5
Let n(h) be the second derivative of -h**3/3 + h**2 + 2*h + 2. Determine n(4).
-6
Let r(y) = y**2 + 6*y + 4. Let d(x) = 2*x**2 + 13*x + 8. Let s(f) = 3*d(f) - 5*r(f). Suppose -o - 3*v - 7 = 0, -2*o - 14 = 114*v - 117*v. Calculate s(o).
-10
Let j(w) = w**2 + 6*w + 3. Let v = -145 - -139. What is j(v)?
3
Suppose -4 = 5*n + 1, -3*g = 5*n - 4. Let a(k) = -5 + g - 4 - k - 1. Suppose -5 = -22*v + 23*v. Give a(v).
-2
Let f = 13 - 6. Let c(y) = 14246*y - 4*y**3 - 14245*y + 5*y**3 - 1 - 7*y**2. Determine c(f).
6
Let c(g) = g**2 - 5*g + 1. Let i = -6 + 7. Suppose -5*n - 3*d + 4 = 0, 3*d - i = -7. Suppose -4*u + 25 = n*q - 5, 3*u = 4*q - 5. Calculate c(q).
1
Let y(n) = -5*n**2 - 7*n - 1. Let h(s) = s**2 + 2*s + 2. Let l(c) = -4*h(c) - y(c). What is l(0)?
-7
Suppose -f - 3 = 2*a, 10 - 3 = 5*f - a. Let i be 15/(f - -4) - 1. Let q(x) = x + 3*x - x + x**i. Give q(-2).
-2
Let n(f) = -45 + 2*f - 37 + 91 - 9*f. What is n(3)?
-12
Let n(w) = 3*w**3 - 15*w**2 + 27*w - 12. Let v(j) = -2*j**3 + 10*j**2 - 18*j + 8. Let q(t) = -5*n(t) - 7*v(t). Give q(4).
-16
Let l(u) be the second derivative of u**5/60 - u**4/12 + 12*u**2 - 7*u. Let a(q) be the first derivative of l(q). Give a(1).
-1
Let x(w) be the second derivative of w**4/12 + 7*w**3/6 + 3*w**2 - w. Let f = -140 - -219. Let u = f + -83. Determine x(u).
-6
Let p = -292 - -296. Let q(k) be the first derivative of -3/2*k**2 + k**3 - 1/4*k**p + 4*k - 1. Calculate q(3).
-5
Let i(l) = -l**2 - 12*l - 25. Let o be i(-9). Let d(t) = -o*t + 7*t**2 - 25 + 2*t**3 - 2*t**2 + 21 - 3*t**3. Let z be 10*(6/(-10) - -1). Give d(z).
4
Let g(i) be the third derivative of -i**5/60 + i**4/3 + i**3/2 - 2*i**2 + 247. Give g(5).
18
Let h = -8 + 11. Let p be 5 - (-3 + h - -3). Let z be -1*(1 + p + -6). Let r(b) = b**3 - 4*b**2 + 4. Calculate r(z).
-5
Let h = -37 + 40. Suppose -5*y + z - 22 = 0, 5*y - h*z = -4*z - 18. Let s(i) = i**2 + 3*i - 4. What is s(y)?
0
Suppose 2*a + 8 + 14 = 0. Let c(j) = -7*j**3 + 2*j - 2. Let d(p) = 13*p**3 + p**2 - 3*p + 5. Let n(l) = a*c(l) - 6*d(l). Give n(-6).
16
Let p(l) = l. Suppose 2*o + 2*s = -3*o - 24, -10 = 5*s. Let w be (-2)/(-3)*6/o. Let c(d) = 7*d - 3. Let b(y) = w*c(y) + 6*p(y). Calculate b(3).
0
Let i(t) = -t**2 + 6*t + 1. Let k(o) be the third derivative of o**6/120 - 7*o**5/60 + o**4/24 - o**3/6 + 15*o**2. Let a be k(7). Determine i(a).
1
Let h(m) = -m**2 + 4*m. Let c be 8/(-2 + 4) + 11 + -9. Determine h(c).
-12
Let r(y) = -36*y**2 - 4*y + 3. Let u(k) = -3*k**2. Let w(t) = -r(t) - u(t). Give w(1).
40
Let n(o) = -12*o - 5. Let q be n(-1). Let d = 5 - q. Let h(a) = -2 - 1 + 2 - 3*a. Determine h(d).
5
Let n(j) be the second derivative of -2*j**2 + 1/12*j**4 + 13*j + 0 + 2/3*j**3. What is n(-4)?
-4
Let m = -302 + 308. Let w(u) = u - 7. Calculate w(m).
-1
Let q be 5 + 0 - 16/4. Let j(n